et w = 1 + 1. Suppose w*m + 8 = -0*m, -3*m = -r*z + 80. What are the prime factors of z?
17
Suppose 3 = -t + 2*t. Suppose -d + t*d - 5*j - 12 = 0, -4*d = j - 24. List the prime factors of (4/6)/(2/d).
2
Let z = 64 - 34. What are the prime factors of z?
2, 3, 5
Let r be -9*(-1)/(-6)*4. Let i be (-4)/(-6) + (-2)/r. Let n = i - -1. What are the prime factors of n?
2
Suppose 4*p = p + 96. Suppose k + p = 3*k. List the prime factors of k.
2
Let n = -49 + 115. Suppose 3*t = 2*w - n, w + 2*t = -w + 56. What are the prime factors of 8/(-10)*w/(-4)?
2, 3
Suppose -2*y + 54 = 2*q - 0*q, -q = 4*y - 123. List the prime factors of y.
2
Let y be (-325)/(-10) - 2/(-4). List the prime factors of ((-8)/(-12))/(2/y).
11
Let g(q) = q**3 - q**2 - q + 5. Let c be g(0). Suppose 0*r + 20 = c*r. Let p(l) = l. What are the prime factors of p(r)?
2
Suppose 2*v - 2*a - 10 = -4, -2*v - 4*a = -24. Suppose -5*c = -3*m - 78, 4*c - 58 = -v*m + 4*m. What are the prime factors of c?
3, 5
Let t be 18/12*124/(-6). Let h = 45 + t. List the prime factors of h.
2, 7
Let h be (-102)/(-119)*14/2. What are the prime factors of (1 - -2)*76/h?
2, 19
Let m(c) = -c**3 - 6*c**2 - 7*c - 4. Let i be m(-4). Let r = 13 + i. What are the prime factors of 0 + 18/(-2 + r)?
2, 3
Suppose -3*k + 5*k = 10. What are the prime factors of -2 + k + 0 - -1?
2
Suppose -20 = -2*n + 4*k, 0 = -n - k - 3 - 2. Let a(b) = 4*b**3 - b**2 + 2*b - 1. Let j be a(1). Suppose s + n = j. List the prime factors of s.
2
Suppose -3 = l - 49. List the prime factors of l.
2, 23
Let b = 356 + -187. What are the prime factors of b?
13
Let m(p) = 3*p**3 + p**2 - 2*p - 1. Let h(t) = 4*t**3 + t**2 - 3*t - 2. Let q(s) = -4*h(s) + 5*m(s). What are the prime factors of q(-3)?
3, 11
Suppose 3*o = 0, -72 - 15 = -3*c - 3*o. Suppose 9 = 2*v - c. List the prime factors of v.
19
Let n(m) = -9*m. Let z be 78/9 + (-1)/(-3). Let j = z - 11. What are the prime factors of n(j)?
2, 3
Let h(g) = -g**3 + 2*g**2 - 3. Let d be h(3). Let f be 8/(-12) - (-12)/(-9). Let p = f - d. List the prime factors of p.
2, 5
Let f = -9 - -14. Suppose -22 = -b + f. Let z = b + -16. What are the prime factors of z?
11
Suppose 1 = -u + 3. Let r = u + 14. What are the prime factors of r?
2
Let t(l) = 4*l**3 - 7*l**2 - 2*l - 8. Let o(x) = -5*x**3 + 8*x**2 + x + 9. Let n(g) = -3*o(g) - 4*t(g). What are the prime factors of n(5)?
5
Let a be 0/2 - (-2 - -7). Let y = 31 + a. List the prime factors of y.
2, 13
Suppose 7*a = 11*a - 8. Suppose -4*q = -a*q - 8. What are the prime factors of q?
2
Suppose 2*a = -b + 100, a = -0*a - 5*b + 32. Suppose 4*i - 3*h - 20 = 0, -5*h = -0*i + 4*i - a. List the prime factors of i.
2
Suppose 0 = 5*q - 0*q. Let m = 5 - q. List the prime factors of m.
5
Let d(j) = -8*j - 1. Let r = 1 - 7. Let z = r + 5. What are the prime factors of d(z)?
7
Let d = 96 - 34. What are the prime factors of d?
2, 31
Let o = 146 - 23. List the prime factors of o.
3, 41
Let b be 0 - ((0 - 1) + -2). Let m be b/2*(-24)/(-9). Suppose m*u + 6 = 50. List the prime factors of u.
11
Let m be 4 + -2 + (3 - 2). Let h be (6/(-4))/(m/8). Let l = h - -8. List the prime factors of l.
2
Let f(i) = i**3 + 3*i**2 - 3*i + 1. Let l be f(1). Suppose -t + 8 = l*s, 5*s + 21 = 6. What are the prime factors of t?
2, 7
Suppose -109 = o + 5*n, 4*n + 23 = 3. List the prime factors of (16/(-6))/(8/o).
2, 7
Suppose 183 = 38*h - 37*h. What are the prime factors of h?
3, 61
Let f = -8 - -13. Suppose -2*x + 58 = -f*v, 0 = -4*x + x + 5*v + 82. List the prime factors of x.
2, 3
Let h(y) = 9*y - 4. Let g be h(-5). Let a = -12 - g. List the prime factors of a.
37
Let t = -9 + 11. Let i(q) = -q**3 - q - 20. Let r be i(0). Let n = t - r. What are the prime factors of n?
2, 11
Suppose p + 0*p - 3*a + 9 = 0, -10 = 4*p + a. What are the prime factors of (p/(-1))/((-15)/(-75))?
3, 5
Let z = -10 + 10. Suppose -3*q + 3*c = -3, q = 2*c - z*c. Suppose -11 = -q*w + 5*v, w + 5 = 5*v + 13. What are the prime factors of w?
3
Let w(q) = -q**3 - 3*q**2 - 2*q. Let k be w(-2). Suppose -2*v - 44 + 110 = k. List the prime factors of v.
3, 11
Let h be (0 - 2)*(1 - 2). Let f be (-2)/4*24/h. What are the prime factors of (-9)/(-2)*(-4)/f?
3
Let m = 166 - 76. List the prime factors of m.
2, 3, 5
Let j(i) = -i**2 + 8*i - 8. Let f be j(6). Suppose f*r - 4 = 12. List the prime factors of r.
2
List the prime factors of (44/3)/((-2)/(-3)) + 3.
5
Let c(f) = 243*f + 1. List the prime factors of c(1).
2, 61
Suppose -4*h + 103 = -61. Let r = h - 25. List the prime factors of r.
2
Let l(d) be the third derivative of d**5/60 - d**4/12 - d**3 - d**2. What are the prime factors of l(5)?
3
Let v(j) = j**3 - 4*j**2 + 5*j - 2. Let l be v(3). Let d(r) = -r**2 + 5*r + 5. What are the prime factors of d(l)?
3
Suppose f - 5*f + 72 = 0. Suppose -h = h - f. What are the prime factors of (h - (-2 - -2)) + -1?
2
Suppose -5*u + 66 = -0*g + 3*g, -g + 2 = 0. Suppose 3*r + u = 2*a, 3*a = a - r + 20. What are the prime factors of a?
3
Let n(m) = -3 + 10*m + 3 - 4. List the prime factors of n(4).
2, 3
Suppose l + 20 = 3*z - 20, -8 = -4*l. What are the prime factors of z?
2, 7
Let q be (-2 - -4)*(-9)/(-2). Let n = q + 0. List the prime factors of n.
3
Suppose 5*j = 4*v + 18, -j - 3*j + v + 21 = 0. Suppose l + 15 = j*l. Suppose -l*c - 5*x = -21, -5*c + 41 = 3*x + 6. What are the prime factors of c?
7
Suppose 104 = -4*w - 8. Let y = w - -48. List the prime factors of y.
2, 5
Suppose 70 = 5*x + 5*m, 3*x - 4*m - 12 = 44. Let i = x + -10. What are the prime factors of (i/(-3) - 0) + 14?
2, 3
Let k = 1 - 6. What are the prime factors of 12/60 - 59/k?
2, 3
Let w = -14 + 6. List the prime factors of ((-93)/12)/(2/w).
31
Suppose 0 = 4*y - 38 - 10. What are the prime factors of y?
2, 3
Suppose 0 = 2*l + 4*q - 5 - 17, 3*l - 3*q = -3. Suppose -l*d - 2*j = -99, 4*d + 132 = 8*d + j. What are the prime factors of d?
3, 11
Suppose -5*a = -6*a. Let b = a + 14. What are the prime factors of b?
2, 7
Suppose -4*t + v = -0*t - 54, 0 = -4*t + 4*v + 60. What are the prime factors of t?
13
Let w be (-1)/(-1) + 1 + -2. List the prime factors of w + 30 - 0/(-3).
2, 3, 5
Suppose i = d + 8, -i - 5*d - 24 = -2*i. Suppose -k - i = -2*k. Suppose -k = -3*j + 14. What are the prime factors of j?
2, 3
Let a(r) = r**3 + r. What are the prime factors of a(2)?
2, 5
Suppose -2*g - 3*f = -5*g + 12, -3*f + 8 = g. Suppose -4*z - 8 = 4*a, g*z + 3*a + 5 = -5. Let v = z + 8. List the prime factors of v.
2, 3
Suppose 5*a - 3*y - 30 = 0, y - 14 - 9 = -2*a. Suppose -a = q - 53. What are the prime factors of q?
2, 11
Let d be 0/(3*1/3). Let u(w) = -w**3 - w + 2. Let c be u(d). Suppose 0 = -c*h + 10. What are the prime factors of h?
5
Suppose -5*c = -4*q - 534, 5*c - 3*c + 2*q = 210. List the prime factors of c.
2, 53
Let a(v) = 2*v**2 + 3*v - 9. Let d be a(8). Suppose -5*i - 2*h + d + 116 = 0, -3*h = i - 57. List the prime factors of i.
3, 17
What are the prime factors of (68/5)/((-12)/(-30))?
2, 17
List the prime factors of (10 - (0 + 2))*2.
2
Let z = 8 + -3. Suppose 23 = -2*t - 5*i, -5*t = -z*i + i - 25. Suppose -d + 7 = -t. List the prime factors of d.
2
Suppose -3*u + 0 = 3. What are the prime factors of (1 - -1) + u + 15?
2
Let m(r) = -r**2 - 10*r - 8. Let c be m(-8). Let p = 11 - c. Suppose 0 = p*a - a - 20. List the prime factors of a.
2, 5
Let g = 0 + 2. Let j(x) = -3*x**3 + 4 + 2*x**3 + 0*x**3 + 4*x**g. List the prime factors of j(4).
2
Suppose -p + 153 = 2*p. Suppose -j + 2*j - p = -5*u, -5*u + 144 = 4*j. What are the prime factors of j?
31
Let v(u) = 25*u**3 - 2*u**2 - 2*u - 1. Let f be v(-1). Let h = 21 - -18. Let b = h + f. List the prime factors of b.
13
What are the prime factors of (-97)/(-9) - 4/(-18)?
11
Suppose -4*i + 5*m - 161 = 0, 3*i - m + 119 - 12 = 0. Let r = i - -77. Suppose 5*a = -r + 138. What are the prime factors of a?
19
Let g(q) = 14*q**2 + q + 1. Let l be g(-1). Let n be (-7)/(-35) + (-29)/(-5). Let z = l - n. What are the prime factors of z?
2
Let m = -42 + 61. Let j = m + -8. List the prime factors of j.
11
List the prime factors of 8/12 + (-440)/(-15).
2, 3, 5
Let f(s) = 6*s - 5. Let p be f(4). Suppose 3*o = p - 4. List the prime factors of o.
5
Let f = 71 - -171. List the prime factors of f.
2, 11
Suppose -4 = -2*w + 2. Suppose -p + 4*j - 32 = -w*p, 5*j - 47 